at is the units digit of 1616?
6
What is the thousands digit of 18131?
8
What is the tens digit of 83229?
2
What is the hundreds digit of 7356?
3
What is the units digit of 178?
8
What is the units digit of 86577?
7
What is the tens digit of 569?
6
What is the hundreds digit of 3695?
6
What is the tens digit of 24880?
8
What is the units digit of 27344?
4
What is the ten thousands digit of 14895?
1
What is the thousands digit of 2969?
2
What is the hundreds digit of 2321?
3
What is the hundreds digit of 1034?
0
What is the ten thousands digit of 27115?
2
What is the tens digit of 8153?
5
What is the units digit of 113611?
1
What is the tens digit of 1215?
1
What is the ten thousands digit of 19541?
1
What is the hundreds digit of 28139?
1
What is the hundreds digit of 681?
6
What is the hundreds digit of 15171?
1
What is the tens digit of 8583?
8
What is the units digit of 1128?
8
What is the tens digit of 5876?
7
What is the units digit of 6877?
7
What is the units digit of 13658?
8
What is the hundreds digit of 1046?
0
What is the thousands digit of 32932?
2
What is the tens digit of 199?
9
What is the hundreds digit of 2077?
0
What is the hundreds digit of 4319?
3
What is the tens digit of 2517?
1
What is the thousands digit of 2888?
2
What is the tens digit of 5880?
8
What is the units digit of 11987?
7
What is the units digit of 13147?
7
What is the thousands digit of 1140?
1
What is the units digit of 4618?
8
What is the hundreds digit of 4095?
0
What is the thousands digit of 1060?
1
What is the units digit of 48022?
2
What is the tens digit of 1746?
4
What is the tens digit of 10943?
4
What is the hundreds digit of 773?
7
What is the units digit of 1144?
4
What is the ten thousands digit of 61019?
6
What is the tens digit of 38595?
9
What is the thousands digit of 44212?
4
What is the tens digit of 2149?
4
What is the tens digit of 2013?
1
What is the tens digit of 250?
5
What is the thousands digit of 4190?
4
What is the tens digit of 1564?
6
What is the tens digit of 65513?
1
What is the units digit of 9710?
0
What is the thousands digit of 5675?
5
What is the ten thousands digit of 11209?
1
What is the hundreds digit of 38134?
1
What is the thousands digit of 4908?
4
What is the ten thousands digit of 86789?
8
What is the units digit of 42167?
7
What is the tens digit of 423?
2
What is the thousands digit of 87238?
7
What is the units digit of 550?
0
What is the units digit of 2641?
1
What is the hundred thousands digit of 126211?
1
What is the thousands digit of 97110?
7
What is the units digit of 871?
1
What is the hundreds digit of 261?
2
What is the tens digit of 25742?
4
What is the units digit of 60124?
4
What is the hundreds digit of 16497?
4
What is the hundreds digit of 108654?
6
What is the tens digit of 12527?
2
What is the tens digit of 3211?
1
What is the thousands digit of 144211?
4
What is the thousands digit of 1414?
1
What is the units digit of 9336?
6
What is the hundreds digit of 267?
2
What is the tens digit of 240?
4
What is the hundreds digit of 6069?
0
What is the thousands digit of 64492?
4
What is the units digit of 91074?
4
What is the ten thousands digit of 65125?
6
What is the units digit of 2647?
7
What is the tens digit of 14588?
8
What is the hundreds digit of 149738?
7
What is the units digit of 1651?
1
What is the ten thousands digit of 12563?
1
What is the units digit of 10585?
5
What is the thousands digit of 1056?
1
What is the ten thousands digit of 22987?
2
What is the thousands digit of 1992?
1
What is the units digit of 94018?
8
What is the tens digit of 116409?
0
What is the units digit of 8170?
0
What is the units digit of 77715?
5
What is the units digit of 87153?
3
What is the thousands digit of 2285?
2
What is the units digit of 20740?
0
What is the ten thousands digit of 52300?
5
What is the hundreds digit of 134?
1
What is the hundreds digit of 7739?
7
What is the hundreds digit of 15769?
7
What is the tens digit of 409?
0
What is the tens digit of 21717?
1
What is the units digit of 880?
0
What is the hundreds digit of 1295?
2
What is the tens digit of 14981?
8
What is the hundreds digit of 926?
9
What is the hundreds digit of 5178?
1
What is the thousands digit of 1913?
1
What is the tens digit of 193097?
9
What is the tens digit of 9702?
0
What is the units digit of 9165?
5
What is the tens digit of 89654?
5
What is the tens digit of 104342?
4
What is the hundreds digit of 1015?
0
What is the units digit of 4036?
6
What is the tens digit of 9866?
6
What is the thousands digit of 6068?
6
What is the units digit of 25?
5
What is the hundreds digit of 2923?
9
What is the tens digit of 444?
4
What is the thousands digit of 4114?
4
What is the tens digit of 500?
0
What is the hundreds digit of 4844?
8
What is the tens digit of 6692?
9
What is the thousands digit of 9481?
9
What is the hundreds digit of 3882?
8
What is the tens digit of 27501?
0
What is the units digit of 241?
1
What is the units digit of 3047?
7
What is the hundreds digit of 631?
6
What is the ten thousands digit of 26219?
2
What is the hundreds digit of 3664?
6
What is the thousands digit of 6994?
6
What is the thousands digit of 3889?
3
What is the units digit of 3224?
4
What is the tens digit of 7695?
9
What is the hundreds digit of 2495?
4
What is the units digit of 3004?
4
What is the tens digit of 278?
7
What is the tens digit of 1232?
3
What is the hundreds digit of 6441?
4
What is the hundreds digit of 2908?
9
What is the units digit of 99337?
7
What is the units digit of 874?
4
What is the hundreds digit of 19562?
5
What is the hundreds digit of 5113?
1
What is the tens digit of 2753?
5
What is the hundreds digit of 2890?
8
What is the units digit of 3324?
4
What is the units digit of 15880?
0
What is the thousands digit of 5225?
5
What is the ten thousands digit of 27987?
2
What is the hundreds digit of 3799?
7
What is the thousands digit of 38767?
8
What is the units digit of 32502?
2
What is the tens digit of 3141?
4
What is the thousands digit of 3678?
3
What is the units digit of 3923?
3
What is the units digit of 674?
4
What is the units digit of 7720?
0
What is the hundreds digit of 764?
7
What is the hundreds digit of 89863?
8
What is the tens digit of 3096?
9
What is the tens digit of 1462?
6
What is the tens digit of 11026?
2
What is the thousands digit of 3754?
3
What is the thousands digit of 5597?
5
What is the units digit of 395?
5
What is the thousands digit of 23774?
3
What is the ten thousands digit of 13955?
1
What is the units digit of 49948?
8
What is the tens digit of 1127?
2
What is the tens digit of 54784?
8
What is the hundreds digit of 17678?
6
What is the tens digit of 71349?
4
What is the units digit of 1583?
3
What is the thousands digit of 4689?
4
What is the units digit of 18898?
8
What is the ten thousands digit of 18692?
1
What is the hundreds digit of 2334?
3
What is the tens digit of 9432?
3
What is the units digit of 2565?
5
What is the thousands digit of 68263?
8
What is the thousands digit of 1962?
1
What is the hundreds digit of 1490?
4
What is the hundreds digit of 1277?
2
What is the tens digit of 1052?
5
What is the hundreds digit of 3684?
6
What is the thousands digit of 59979?
9
What is the tens digit of 149?
4
What is the thousands digit of 51521?
1
What is the units digit of 3673?
3
What is the units digit of 50011?
1
What is the hundreds digit of 6488?
4
What is the hundreds digit of 7585?
5
What is the thousands digit of 1184?
1
What is the hundreds digit of 369?
3
What is the hundreds digit of 24387?
3
What is the units digit of 82856?
6
What is the thousands digit of 1589?
1
What is the tens digit of 975?
7
What is the hundreds digit of 696?
6
What is the thousands digit of 30327?
0
What is the tens digit of 749?
4
What is the ten thousands digit of 26680?
2
What is the thousands digit of 21207?
1
What is the tens digit of 209?
0
What is the ten thousands digit of 18843?
1
What is the thousands digit of 56937?
6
What is the ten thousands digit of 10936?
1
What is the thousands digit of 12762?
2
What is the thousands digit of 61803?
1
What is the units digit of 51475?
5
What is the hundreds digit of 17918?
9
What is the units digit of 6640?
0
What is the ten th